
Is 68 a factor of 6042044?
False
Is 4 a factor of 199?
False
Does 12 divide 21177?
False
Does 119 divide 605710?
True
Does 214 divide 26093876?
True
Is 8151 a multiple of 57?
True
Does 8 divide 138480?
True
Is 569676 a multiple of 303?
False
Is 841430 a multiple of 10?
True
Does 89 divide 436042?
False
Is 62 a factor of 650752?
True
Is 49995 even?
False
Does 47 divide 1901502?
False
Does 45 divide 167624?
False
Does 75 divide 130406?
False
Does 95 divide 115806?
False
Is 94 a factor of 11374?
True
Does 200 divide 116800?
True
Is 548952 even?
True
Does 91 divide 16059043?
True
Does 91 divide 355082?
True
Does 48 divide 157872?
True
Is 3494250 a multiple of 10?
True
Is 14 a factor of 4780898?
False
Does 16 divide 63040?
True
Is 8 a factor of 4920?
True
Does 16 divide 88336?
True
Is 28 a factor of 52640?
True
Is 15 a factor of 3471765?
True
Is 19 a factor of 5649669?
True
Does 168 divide 43778?
False
Does 330 divide 1128600?
True
Is 16566 a multiple of 33?
True
Does 21 divide 148993?
False
Is 106 a factor of 2758294?
False
Is 4663727 a multiple of 140?
False
Is 30549 a multiple of 34?
False
Is 272 a factor of 719168?
True
Is 1505453 a multiple of 88?
False
Is 71 a factor of 17791393?
True
Is 59 a factor of 14809?
True
Is 220664 a multiple of 8?
True
Does 14 divide 1313620?
True
Is 173 a factor of 1436765?
True
Is 14665 a multiple of 5?
True
Is 521 a factor of 3773200?
False
Does 26 divide 2361063?
False
Does 12 divide 93816?
True
Does 21 divide 6845517?
True
Is 20522946 a multiple of 138?
True
Is 22110 a multiple of 63?
False
Does 7 divide 6030199?
True
Is 15 a factor of 571830?
True
Does 25 divide 112898?
False
Is 2024041 a multiple of 61?
True
Is 4 a factor of 918312?
True
Is 12 a factor of 703902?
False
Is 203 a factor of 1258803?
True
Is 9 a factor of 510162?
False
Is 143997 a multiple of 77?
False
Is 387 a factor of 2990611?
False
Is 1188304 a multiple of 52?
True
Is 184361 a multiple of 120?
False
Does 327 divide 2421259?
False
Does 10 divide 142365?
False
Is 4470 a multiple of 149?
True
Is 58 a factor of 1259128?
False
Is 13455 a multiple of 345?
True
Does 8 divide 194275?
False
Is 196 a factor of 164054?
False
Does 161 divide 1343545?
True
Is 11 a factor of 2548964?
True
Does 334 divide 956098?
False
Is 5279641 a multiple of 12?
False
Is 2266282 a multiple of 83?
False
Does 5 divide 46541?
False
Is 737 a factor of 6411900?
True
Is 81 a factor of 7047243?
True
Is 31 a factor of 213053?
False
Is 27 a factor of 121905?
True
Is 361 a factor of 3842845?
True
Does 83 divide 452101?
True
Is 12 a factor of 71550?
False
Is 60 a factor of 77319?
False
Does 26 divide 195441?
False
Is 17 a factor of 2014228?
True
Is 4328460 a multiple of 243?
False
Is 906303 a multiple of 54?
False
Is 3096462 a multiple of 171?
False
Is 131 a factor of 904293?
True
Does 571 divide 740587?
True
Does 46 divide 383784?
False
Does 217 divide 98360?
False
Is 26 a factor of 43211?
False
Is 6157743 a multiple of 107?
True
Does 23 divide 145712?
False
Does 11 divide 513215?
False
Does 689 divide 6541364?
False
Is 80 a factor of 19280?
True
Is 59901 a multiple of 8?
False
Does 346 divide 85116?
True
Is 43 a factor of 277221?
True
Does 10 divide 312350?
True
Does 531 divide 7636649?
False
Does 6 divide 1905924?
True
Is 10 a factor of 79230?
True
Is 6570849 a multiple of 35?
False
Does 14 divide 1842344?
True
Is 666 a factor of 4391604?
True
Is 228 a factor of 49248?
True
Does 48 divide 1118381?
False
Is 276 a factor of 41400?
True
Does 363 divide 540337?
False
Is 1452 a factor of 10039128?
True
Is 20199573 a multiple of 261?
True
Is 107601 a multiple of 31?
True
Does 14 divide 10016417?
False
Is 203680 a multiple of 67?
True
Is 26 a factor of 2501096?
True
Does 143 divide 564993?
True
Does 250 divide 722250?
True
Is 14 a factor of 2198462?
True
Does 37 divide 969252?
True
Does 78 divide 113568?
True
Does 54 divide 330372?
True
Is 22049217 a multiple of 14?
False
Is 200296 a multiple of 92?
False
Is 192005 a multiple of 23?
False
Is 15 a factor of 18268641?
False
Is 7244219 a multiple of 30?
False
Is 215 a factor of 7834385?
True
Does 31 divide 6058959?
False
Is 251 a factor of 1634582?
False
Is 36 a factor of 251954?
False
Does 36 divide 92949?
False
Is 27846 a multiple of 306?
True
Does 60 divide 4531440?
True
Is 4 a factor of 626231?
False
Does 16 divide 31513?
False
Is 80741 a multiple of 4?
False
Is 2557041 a multiple of 9?
False
Is 13 a factor of 1465778?
False
Does 170 divide 215786?
False
Does 35 divide 15533630?
True
Is 712647 a multiple of 117?
True
Is 49 a factor of 298196?
False
Does 235 divide 2498520?
True
Does 27 divide 298779?
False
Does 71 divide 357059?
True
Does 16 divide 366128?
True
Is 1278667 a multiple of 7?
False
Is 149 a factor of 2887411?
False
Does 56 divide 12761336?
True
Does 11 divide 33664?
False
Is 3410661 a multiple of 197?
True
Is 2187014 a multiple of 143?
False
Does 17 divide 16252?
True
Is 225 a factor of 1134517?
False
Does 18 divide 385074?
True
Is 11 a factor of 2318613?
True
Is 489996 a multiple of 52?
True
Is 76 a factor of 93480?
True
Is 12831 a multiple of 7?
True
Is 288 a multiple of 48?
True
Is 212602 a multiple of 34?
True
Does 59 divide 3953?
True
Is 116 a factor of 452284?
True
Is 59200 a multiple of 25?
True
Is 3388146 a multiple of 303?
True
Does 136 divide 187544?
True
Is 18 a factor of 915680?
False
Is 1883040 a multiple of 95?
False
Is 16497336 a multiple of 8?
True
Is 13 a factor of 8207641?
True
Is 24517313 a multiple of 274?
False
Is 3 a factor of 119132?
False
Is 87326 a multiple of 154?
False
Is 307 a factor of 1606838?
True
Does 14 divide 359324?
True
Does 1817 divide 472420?
True
Does 33 divide 341168?
False
Does 3 divide 6211?
False
Does 116 divide 3173109?
False
Does 217 divide 500263?
False
Does 125 divide 25125?
True
Is 280 a factor of 988206?
False
Is 5 a factor of 304896?
False
Does 27 divide 242753?
False
Is 1274454 a multiple of 78?
False
Does 56 divide 1958210?
False
Is 47 a factor of 1896309?
True
Does 35 divide 4935?
True
Does 652 divide 883638?
False
Does 816 divide 441456?
True
Does 9 divide 1994238?
True
Is 2849608 a multiple of 23?
True
Does 279 divide 854577?
True
Is 800014 a multiple of 703?
True
Does 16 divide 328320?
True
Is 3 a factor of 247300?
False
Does 12 divide 1177320?
True
Is 608 a factor of 327377?
False
Is 489343 a multiple of 7?
False
Does 1410 divide 6247437?
False
Does 658 divide 496133?
False
Does 81 divide 182271?
False
Is 9 a factor of 400546?
False
Is 1194 a factor of 30723414?
False
Does 7 divide 4412?
False
Is 110896 a multiple of 116?
True
Is 1432543 a multiple of 94?
False
Does 89 divide 211019?
True
Is 4 a factor of 11034?
False
Is 867 a factor of 8729806?
False
Is 3 a factor of 85364?
False
Does 33 divide 143154?
True
Is 3 a factor of 453596?
False
Does 18 divide 26122194?
True
Is 90584 a multiple of 5?
False
Is 3 a factor of 2247630?
True
Is 16 a factor of 992016?
True
Is 358125 a multiple of 125?
True
Is 6 a factor of 618342?
True
Is 141754 a multiple of 147?
False
Is 4691117 a multiple of 47?
True
Does 704 divide 649088?
True
Is 381 a factor of 57150?
True
Does 89 divide 750448?
True
Is 42 a factor of 183078?
True
Does 6 divide 213960?
True
Does 441 divide 5131476?
True
Is 5800806 a multiple of 33?
True
Is 16 a factor of 8865047?
False
Is 44 a factor of 503624?
True
Does 26 divide 54024?
False
Is 621 a factor of 99304?
False
Is 17222700 a multiple of 220?
True
Does 447 divide 4471779?
False
Is 141600 a multiple of 16?
True
Does 51 divide 988950?
False
Is 8 a factor of 84016?
True
Is 189800 a multiple of 584?
True
Is 50 a multiple of 8?
False
Does 216 divide 2763555?
False
Is 28 a factor of 3384948?
True
Does 22 divide 2818512?
False
Is 388820 a multiple of 10?
True
Is 339735 a multiple of 18?
False
Is 209 a factor of 5217020?
False
Is 336383 a multiple of 8?
False
Is 179536 a multiple of 9?
False
Does 346 divide 829708?
True
Is 15264045 a multiple of 15?
True
Does 10 divide 12338266?
False
Does 188 divide 278231?
False
Does 438 divide 210373?
False
Does 11 divide 410250?
False
Does 32 divide 15296?
True
Does 92 divide 101292?
True
Is 32 a factor of 24672?
True
Is 269 a factor of 536908?
False
Does 49 divide 1709463?
True
Is 1860252 a multiple of 164?
True
Does 23 divi